{"id":625,"date":"2022-02-03T17:01:33","date_gmt":"2022-02-03T16:01:33","guid":{"rendered":"https:\/\/e-dermato.org\/site\/?page_id=625"},"modified":"2022-03-14T10:27:48","modified_gmt":"2022-03-14T09:27:48","slug":"documentation","status":"publish","type":"page","link":"https:\/\/e-dermato.org\/site\/documentation\/","title":{"rendered":"Documentation"},"content":{"rendered":"<div id=\"pl-625\"  class=\"panel-layout\" ><div id=\"pg-625-0\"  class=\"panel-grid panel-no-style\" ><div id=\"pgc-625-0-0\"  class=\"panel-grid-cell\" ><div id=\"panel-625-0-0-0\" class=\"so-panel widget widget_black-studio-tinymce widget_black_studio_tinymce panel-first-child panel-last-child\" data-index=\"0\" ><div class=\"textwidget\"><p>Pendant tout votre s\u00e9jour dans ces programmes de formations, vous aurez <strong>un acc\u00e8s illimit\u00e9 \u00e0 la biblioth\u00e8que de l\u2019universit\u00e9<\/strong>. Des abonnements seront fait pour permettre un acc\u00e8s total \u00e0 toutes les bases de donn\u00e9es scientifiques et principalement en Dermatologie.<\/p>\n<p>&nbsp;<\/p>\n<p>&nbsp;<\/p>\n<p>&nbsp;<\/p>\n<\/div><\/div><\/div><\/div><\/div><script type=\"text\/javascript\">tagSinglePost(625);<\/script>","protected":false},"excerpt":{"rendered":"<p>Pendant tout votre s\u00e9jour dans ces programmes de formations, vous aurez un acc\u00e8s illimit\u00e9 \u00e0 la biblioth\u00e8que de l\u2019universit\u00e9. Des abonnements seront fait pour permettre un acc\u00e8s total \u00e0 toutes les bases de donn\u00e9es scientifiques et principalement en Dermatologie. &nbsp; &nbsp; &nbsp;<\/p>\n","protected":false},"author":7,"featured_media":0,"parent":0,"menu_order":0,"comment_status":"closed","ping_status":"closed","template":"","meta":{"footnotes":""},"class_list":["post-625","page","type-page","status-publish","hentry","post"],"_links":{"self":[{"href":"https:\/\/e-dermato.org\/site\/wp-json\/wp\/v2\/pages\/625","targetHints":{"allow":["GET"]}}],"collection":[{"href":"https:\/\/e-dermato.org\/site\/wp-json\/wp\/v2\/pages"}],"about":[{"href":"https:\/\/e-dermato.org\/site\/wp-json\/wp\/v2\/types\/page"}],"author":[{"embeddable":true,"href":"https:\/\/e-dermato.org\/site\/wp-json\/wp\/v2\/users\/7"}],"replies":[{"embeddable":true,"href":"https:\/\/e-dermato.org\/site\/wp-json\/wp\/v2\/comments?post=625"}],"version-history":[{"count":0,"href":"https:\/\/e-dermato.org\/site\/wp-json\/wp\/v2\/pages\/625\/revisions"}],"wp:attachment":[{"href":"https:\/\/e-dermato.org\/site\/wp-json\/wp\/v2\/media?parent=625"}],"curies":[{"name":"wp","href":"https:\/\/api.w.org\/{rel}","templated":true}]}}