{"id":730,"date":"2022-05-24T11:44:04","date_gmt":"2022-05-24T09:44:04","guid":{"rendered":"https:\/\/e-dermato.org\/site\/?page_id=730"},"modified":"2022-05-24T18:17:19","modified_gmt":"2022-05-24T16:17:19","slug":"cours-de-niveau-2","status":"publish","type":"page","link":"https:\/\/e-dermato.org\/site\/cours-de-niveau-2\/","title":{"rendered":"Cours de niveau 2"},"content":{"rendered":"<p><strong>Les cours de niveau 2 sont r\u00e9serv\u00e9s aux professionnels de sant\u00e9, inscrits \u00e0 l&rsquo;Universit\u00e9 la source. Les conditions d&rsquo;inscription et le programme seront disponibles tr\u00e8s prochainement.<\/strong><\/p>\n<p>Plus de renseignements aupr\u00e8s de l&rsquo;Universit\u00e9 La Source<\/p>\n<p>&nbsp;<\/p>\n<script type=\"text\/javascript\">tagSinglePost(730);<\/script>","protected":false},"excerpt":{"rendered":"<p>Les cours de niveau 2 sont r\u00e9serv\u00e9s aux professionnels de sant\u00e9, inscrits \u00e0 l&rsquo;Universit\u00e9 la source. Les conditions d&rsquo;inscription et le programme seront disponibles tr\u00e8s prochainement. Plus de renseignements aupr\u00e8s de l&rsquo;Universit\u00e9 La Source &nbsp;<\/p>\n","protected":false},"author":7,"featured_media":0,"parent":0,"menu_order":0,"comment_status":"closed","ping_status":"closed","template":"","meta":{"footnotes":""},"class_list":["post-730","page","type-page","status-publish","hentry","post"],"_links":{"self":[{"href":"https:\/\/e-dermato.org\/site\/wp-json\/wp\/v2\/pages\/730","targetHints":{"allow":["GET"]}}],"collection":[{"href":"https:\/\/e-dermato.org\/site\/wp-json\/wp\/v2\/pages"}],"about":[{"href":"https:\/\/e-dermato.org\/site\/wp-json\/wp\/v2\/types\/page"}],"author":[{"embeddable":true,"href":"https:\/\/e-dermato.org\/site\/wp-json\/wp\/v2\/users\/7"}],"replies":[{"embeddable":true,"href":"https:\/\/e-dermato.org\/site\/wp-json\/wp\/v2\/comments?post=730"}],"version-history":[{"count":0,"href":"https:\/\/e-dermato.org\/site\/wp-json\/wp\/v2\/pages\/730\/revisions"}],"wp:attachment":[{"href":"https:\/\/e-dermato.org\/site\/wp-json\/wp\/v2\/media?parent=730"}],"curies":[{"name":"wp","href":"https:\/\/api.w.org\/{rel}","templated":true}]}}